j be (-6)/(-4) + (-2)/4. Let o(x) = -27*x - 2 - j + 4 + 3. Is o(-3) prime?
False
Let i(p) = -p**2 + 15*p - 52. Let v be i(8). Suppose 2*a - l - 4407 = -894, v*a = -2*l + 7046. Is a a prime number?
True
Suppose -y + 228 = -4*y. Let s be (4/(-2))/((-8)/y). Is (2 - 0)/((-2)/s) a prime number?
True
Suppose -4*v + 879 = -3*c - 8*v, c - 2*v + 303 = 0. Let r be c/(-3) + -2 - -2. Suppose -r = -j + 164. Is j a prime number?
True
Is (-1418620)/(-40)*(-8)/(-28) a composite number?
False
Let x = 862 - -495. Is x prime?
False
Let k(y) = -18*y**2 + 2*y - 3. Let s be k(3). Let c = 5 + s. Let i = c - -387. Is i composite?
False
Suppose o + 5*t - 4272 = 9110, -4*t - 40089 = -3*o. Is o a composite number?
False
Is 60759/36 - (-1 + (-7)/(-4)) a prime number?
False
Suppose 3834 - 21538 = -4*p. Is p a prime number?
False
Suppose 0 = 2*q - 5*d + 12 + 393, q - d = -198. Let c = q + 680. Is c a prime number?
False
Let r = 10775 - -7526. Is r prime?
True
Suppose -2*c = 2*c + 16, 3*c = -3*b + 3783. Suppose 4*a - b = -r, -5*r = -2*a - 2*r + 643. Is a composite?
False
Suppose 1442 - 578 = 3*g. Let i = 593 - g. Is i composite?
True
Let b = -7 - -14. Suppose -b = -t + 28. Is t composite?
True
Let m = -26 - -24. Is -7*-2*(-73)/m prime?
False
Let i = -24 + 29. Is 1*(i - 1)*(-3386)/(-8) a composite number?
False
Let t = 31 - 15. Is 7852 + (-3*t/12 - -7) composite?
True
Suppose 0*s = 3*i - 2*s - 82, -5 = -5*s. Let p be 855 + i/4 + -3. Let x = p + -152. Is x composite?
True
Let c = 699 - -3359. Is c a composite number?
True
Let t = 19026 + 60005. Is t composite?
False
Let u = -2380 + 4281. Is u prime?
True
Suppose -38*v + 108856 + 25702 = 0. Is v prime?
True
Let w(s) = -s + 5. Let v be w(13). Let o(l) = -l**3 - 7*l**2 + 9*l + 9. Let z be o(v). Let r(q) = 59*q - 4. Is r(z) a composite number?
True
Let g(q) = -98*q + 10. Let y be g(-4). Suppose y = 11*f - 10499. Is f prime?
True
Suppose -2*i - a + 21224 = -11393, 0 = -3*i + 4*a + 48909. Is i a composite number?
True
Suppose -9 = -3*b + 78. Suppose -l + b = -105. Suppose -3*z + z + l = 0. Is z a prime number?
True
Suppose 3*o - 16*w + 12*w = 51227, -w = -2*o + 34153. Is o a composite number?
False
Is 10/8 + 8542*(-2)/(-16) prime?
True
Is 98/(-147) + 21455/3 a composite number?
False
Let s be ((-49)/21 - -3) + 10/3. Suppose 0 = -s*w - 3*a + 4048, -2*w + 2*a = -3*a - 1998. Is w prime?
True
Let h(r) = 267*r - 308. Is h(10) composite?
True
Let u = -12067 + 29114. Is u composite?
False
Let q = 26 - 34. Let p = q + 10. Let r(v) = 31*v**3 + 2*v**2 - 2*v - 1. Is r(p) prime?
True
Let t(c) = -60*c + 5 + 10*c + 2. Let f = 22 - 36. Is t(f) a composite number?
True
Suppose h - 10 = 5*j, 7*h - 10 = 2*h + 5*j. Suppose 10*y - 5204 + 774 = h. Is y prime?
True
Let y(t) = 36*t - 15. Let x(v) = -v**2 - 14*v - 7. Let r be x(-13). Is y(r) a composite number?
True
Let m(z) = 6*z. Let h be (-11)/22 + 2/(-4). Let s be m(h). Is ((-5348)/s)/(4/6) a composite number?
True
Suppose -78305 = -5*j + 5*w, j + 0*w = -5*w + 15661. Is j a composite number?
False
Suppose -36*h + 3*k = -32*h - 80632, 2*k = -3*h + 60491. Is h composite?
False
Let z = 6198 - 419. Is z composite?
False
Let v = 3766 + -2039. Is v a prime number?
False
Let h = -37 - -53. Let w = h + -13. Is 2 + -2 + 1065/w composite?
True
Is 92/23 + 4/(8/5546) a prime number?
True
Let y(g) = -45*g - 73. Let d(v) = -67*v - 109. Let m(b) = -5*d(b) + 8*y(b). Is m(-10) composite?
False
Let s(a) = a**2 + 5*a + 10. Let i be s(-2). Let j = 7 + -3. Suppose -i*t = 0, 56 = -2*g - j*t + 342. Is g a composite number?
True
Let n = 12 + -9. Suppose 3*i - 8*i - d - 333 = 0, -3*d = -n*i - 189. Let z = 177 + i. Is z a composite number?
True
Suppose -m = -3*m + 118. Suppose m = s - 72. Is s a prime number?
True
Let h be (-44)/(-33)*66/8. Suppose 31 = -2*q + 71. Let u = h + q. Is u composite?
False
Let p(c) = -c**3 + 5*c**2 + 3*c - 2. Let g be p(3). Let u be (-9)/(-15)*(-930)/(-3). Let m = g + u. Is m a composite number?
False
Let j(u) = 52*u**3 + u**2 - 13*u - 6. Let m be j(-5). Let h = 12085 + m. Is h a composite number?
False
Let h(b) = 19*b**2 - 10*b - 51. Is h(-10) a prime number?
True
Suppose 3*w - 3*a = -5*a - 7, 0 = 5*w + 3*a + 12. Is (-471)/(-2)*(-22)/w prime?
False
Suppose 0 = 5*j + 1395 - 5525. Suppose 0*z - 2*z + j = 2*b, -2*z = 4*b - 1652. Is b a prime number?
False
Let a(x) = 67*x**2 + 33*x - 9. Is a(-14) composite?
True
Let i(s) be the first derivative of -5*s**2 + 9*s - 24. Is i(-7) composite?
False
Let c(w) = 56*w - 1. Let t(j) = -56*j + 1. Let k(m) = -5*c(m) - 4*t(m). Let q be -2 - (-2)/(0 - -2). Is k(q) a composite number?
True
Let r(y) = -y + 5. Let o be r(-16). Let c = -15 + o. Suppose 2*k - c*k + 268 = 0. Is k composite?
False
Suppose -9048 = 5*u + 4*y - 22813, -5*u + 13790 = -y. Is u composite?
True
Let n(s) = s**3 - 17*s**2 + s - 11. Let d be n(17). Is (d/(-8))/(9/(-6876)) composite?
True
Let r be 45/10 - 1/2. Suppose r*z = 2*z. Is (3 + z)/((-3)/(-37)) prime?
True
Let n(h) = -4*h**2 + 5*h - 5. Let c(q) = -7*q**2 + 10*q - 10. Let d(g) = 2*c(g) - 5*n(g). Is d(-6) composite?
False
Let h be (0 - 2)*(-8315)/10. Suppose 2*w - h = -a, -4*w + 12 = -0*w. Is a composite?
False
Let f(p) = 45436*p**3 + 1. Is f(1) a prime number?
False
Let y(o) = 894*o**2 + 38*o - 33. Is y(-23) a composite number?
False
Suppose -m = 5*k + 34, 0 = -4*m + 3*k + 2*k - 36. Let r = -7 - m. Let j(n) = 25*n - 8. Is j(r) composite?
False
Let m(o) = -46*o - 23 + 11 + 5. Is m(-5) composite?
False
Let t = 3729 + -232. Is t a prime number?
False
Suppose -3*c - 17*t = -22*t - 101716, 0 = -c - t + 33908. Is c prime?
False
Let g be ((-10)/(-6))/(2/6). Suppose -g*d - 665 = 550. Let a = d + 454. Is a composite?
False
Is (-3324336)/(-72) + 5/3 composite?
True
Let d(k) = 9*k**2 + k - 10. Let f be d(7). Suppose 0 = 5*g - 3*g - 10. Suppose 4*p - 1044 = g*a + f, -2*p - 5*a = -756. Is p composite?
False
Let n(h) be the third derivative of 7*h**6/120 + 5*h**4/24 - 7*h**3/6 + 25*h**2. Is n(6) composite?
True
Let p(o) = 3*o**2 - 4*o + 12. Let n be p(4). Let q = -21 + n. Is q a composite number?
False
Let q(l) = -l**3 - 8*l**2 - 25*l - 25. Is q(-12) prime?
False
Let z(v) = 13*v**2 + 107*v - 71. Is z(-44) prime?
True
Suppose 14*k = 30*k - 379504. Is k a composite number?
False
Let n be 78/14 - 18/(-42). Let l(r) = 2*r**3 - r**2 + 8. Let z be l(n). Suppose -f + z = f. Is f a composite number?
True
Suppose -2*u + 6*u - 5 = -h, -5*u - 3*h = -1. Let t(p) = 4*p**3. Let y be t(1). Suppose 918 = 2*o - y*r, -3*o + 2315 = u*o - 5*r. Is o a prime number?
True
Let w(f) = f**3 + 3*f**2 - 4*f + 2. Let k be w(-4). Suppose -k*u = -7*u + 2605. Is u a composite number?
False
Let p be 1/(-2)*110*(-62 - -1). Suppose -5*s = -5*t + p, 4*s + 1 - 9 = 0. Is t prime?
True
Let o = 155320 - 86441. Is o a prime number?
True
Suppose 3*j + 3*o = 10032, 2*j + o - 3768 = 2923. Suppose -2228 = -2*i + 2*d, 0 = 3*i + 2*d - 0*d - j. Is i a prime number?
False
Let y(a) = 50*a + 7. Let i be y(5). Let k = 383 - i. Suppose 35 = -h + 4*o + k, 0 = -3*h + 4*o + 313. Is h composite?
True
Let v(p) be the first derivative of 2*p**3/3 - 5*p**2 + 13*p - 19. Let d be 3 + 0 + 2 - -1. Is v(d) a prime number?
False
Suppose 4*m - 46139 = -5*p, 3*p + 4*m = 16656 + 11029. Is p composite?
False
Suppose 6*c = 2*c. Let t(h) = -h**2 + h + 111. Let i be t(c). Let u = i + -34. Is u a composite number?
True
Let a be 0 + -22 - (-5)/5. Let r = a + 12. Is -1 + 3 - r*9 prime?
True
Let k(t) = 11*t**2 + 43*t + 43. Is k(11) a prime number?
True
Suppose 4*v + 20 = 9*v. Suppose -2*c = 3*q - 1085, 4*q - v*c - 1018 = 422. Is q composite?
True
Let z = -3 - -7. Suppose -z*w = w. Suppose 3*n + 2*n - 385 = w. Is n a composite number?
True
Let c(f) = 31*f**2 + 8*f**2 - 2 - 2 + f - 19*f**2. Is c(-2) prime?
False
Let u(a) = 17*a**2 - 13*a + 29. Let l(m) = m**3 - 7*m**2 - 6*m - 10. Let v be l(8). Is u(v) a prime number?
True
Let o = -10775 - -22314. Is o prime?
False
Let b = 80810 + -33351. Is b a composite number?
False
Suppose 3*u - 4*m + 26 = 0, -4*m - m = -10. Let a(k) = -5*k**2 + 8*k - 4. Let c(f) = 9*f**2 - 17*f + 9. Let h(t) = u*c(t) - 11*a(t). Is h(8) a composite number?
True
Let l = -31 - -21. Let o be (2 - 52)*(-4)/l. Is (-685)/o - (-2)/(-8) prime?
False
Suppose 2432 = -3*a + 16118. Suppose -3*g = -g - a. Is g a prime numb